{"id":109,"date":"2024-08-04T21:34:40","date_gmt":"2024-08-04T19:34:40","guid":{"rendered":"https:\/\/blog.kampdommer.no\/?page_id=109"},"modified":"2024-08-04T22:29:01","modified_gmt":"2024-08-04T20:29:01","slug":"din-kilde-til-dommernyheter-og-verktoy","status":"publish","type":"page","link":"https:\/\/blog.kampdommer.no\/","title":{"rendered":"Din kilde til dommernyheter og -verkt\u00f8y"},"content":{"rendered":"\n<div class=\"wp-block-media-text is-stacked-on-mobile\"><figure class=\"wp-block-media-text__media\"><img loading=\"lazy\" decoding=\"async\" width=\"942\" height=\"948\" src=\"https:\/\/blog.kampdommer.no\/wp-content\/uploads\/2024\/08\/Skjermbilde-2024-08-04-kl.-21.20.06.png\" alt=\"\" class=\"wp-image-111 size-full\" srcset=\"https:\/\/blog.kampdommer.no\/wp-content\/uploads\/2024\/08\/Skjermbilde-2024-08-04-kl.-21.20.06.png 942w, https:\/\/blog.kampdommer.no\/wp-content\/uploads\/2024\/08\/Skjermbilde-2024-08-04-kl.-21.20.06-298x300.png 298w, https:\/\/blog.kampdommer.no\/wp-content\/uploads\/2024\/08\/Skjermbilde-2024-08-04-kl.-21.20.06-150x150.png 150w, https:\/\/blog.kampdommer.no\/wp-content\/uploads\/2024\/08\/Skjermbilde-2024-08-04-kl.-21.20.06-768x773.png 768w\" sizes=\"auto, (max-width: 942px) 100vw, 942px\" \/><\/figure><div class=\"wp-block-media-text__content\">\n<p>Dommerbloggen gir oppdaterte nyheter, innsikt og analyser om fotballdommere. Her finner du alt fra regelendringer og kontroversielle avgj\u00f8relser.<br><br>Hold deg informert om alt som skjer i dommerverdenen, inkludert nyttig informasjon for breddedommere. Samarbeid med Kampdommer.no gir verkt\u00f8y for \u00e5 organisere klubbdommeren, med automatisk import av kamper, mobilapplikasjoner for dommere og ledere, og varslinger om kampoppdrag, som sikrer effektiv administrasjon av dommere i breddeklubber.<\/p>\n<\/div><\/div>\n\n\n\n<hr class=\"wp-block-separator has-alpha-channel-opacity is-style-dots\"\/>\n\n\n<ul class=\"wp-block-latest-posts__list has-dates wp-block-latest-posts\"><li><div class=\"wp-block-latest-posts__featured-image alignleft\"><img loading=\"lazy\" decoding=\"async\" width=\"150\" height=\"150\" src=\"https:\/\/blog.kampdommer.no\/wp-content\/uploads\/2023\/07\/child-g6c031a8c4_640-150x150.jpg\" class=\"attachment-thumbnail size-thumbnail wp-post-image\" alt=\"Ung fotballspiller\" style=\"\" \/><\/div><a class=\"wp-block-latest-posts__post-title\" href=\"https:\/\/blog.kampdommer.no\/?p=4\">La oss aldri glemme at de unge dommerne er en verdifull ressurs for fotballen.<\/a><time datetime=\"2023-07-10T22:28:27+02:00\" class=\"wp-block-latest-posts__post-date\">10\/07\/2023<\/time><div class=\"wp-block-latest-posts__post-excerpt\">Jeg \u00f8nsker \u00e5 rette fokus mot en gruppe som ofte blir oversett, men som spiller en uvurderlig rolle for fremtiden til fotballen &#8211; nemlig de unge fotballdommerne. Disse dedikerte individene legger ned utallige timer med arbeid for \u00e5 gj\u00f8re en god jobb p\u00e5 banen, og deres innsats b\u00f8r &#8230; <a title=\"La oss aldri glemme at de unge dommerne er en verdifull ressurs for fotballen.\" class=\"read-more\" href=\"https:\/\/blog.kampdommer.no\/?p=4\" aria-label=\"Read more about La oss aldri glemme at de unge dommerne er en verdifull ressurs for fotballen.\">Les mer<\/a><\/div><\/li>\n<li><a class=\"wp-block-latest-posts__post-title\" href=\"https:\/\/blog.kampdommer.no\/?p=16\">Kampdommer l\u00f8ser dommerutfordringer for breddeklubber.<\/a><time datetime=\"2023-07-10T22:28:05+02:00\" class=\"wp-block-latest-posts__post-date\">10\/07\/2023<\/time><div class=\"wp-block-latest-posts__post-excerpt\">N\u00e5 kan du administrere dine klubbdommere p\u00e5 en enkel og effektiv m\u00e5te. Administrasjonen vil spare flere titalls timer og kvalitet sikre at lagledere og dommere har den n\u00f8dvendige informasjon og p\u00e5minnelsene de trenger. Lagleder f\u00e5r informasjon pr epost om at han er tildelt dommer og dommer f\u00e5r informasjon &#8230; <a title=\"Kampdommer l\u00f8ser dommerutfordringer for breddeklubber.\" class=\"read-more\" href=\"https:\/\/blog.kampdommer.no\/?p=16\" aria-label=\"Read more about Kampdommer l\u00f8ser dommerutfordringer for breddeklubber.\">Les mer<\/a><\/div><\/li>\n<\/ul>\n\n\n<figure class=\"wp-block-image size-large\"><a href=\"https:\/\/kampdommer.no\/\" target=\"_blank\" rel=\"noreferrer noopener\"><img loading=\"lazy\" decoding=\"async\" width=\"1024\" height=\"284\" src=\"https:\/\/blog.kampdommer.no\/wp-content\/uploads\/2024\/08\/banner-kampdommer-1024x284.png\" alt=\"\" class=\"wp-image-117\" srcset=\"https:\/\/blog.kampdommer.no\/wp-content\/uploads\/2024\/08\/banner-kampdommer-1024x284.png 1024w, https:\/\/blog.kampdommer.no\/wp-content\/uploads\/2024\/08\/banner-kampdommer-300x83.png 300w, https:\/\/blog.kampdommer.no\/wp-content\/uploads\/2024\/08\/banner-kampdommer-768x213.png 768w, https:\/\/blog.kampdommer.no\/wp-content\/uploads\/2024\/08\/banner-kampdommer.png 1080w\" sizes=\"auto, (max-width: 1024px) 100vw, 1024px\" \/><\/a><\/figure>\n","protected":false},"excerpt":{"rendered":"<p>Dommerbloggen gir oppdaterte nyheter, innsikt og analyser om fotballdommere. Her finner du alt fra regelendringer og kontroversielle avgj\u00f8relser. Hold deg informert om alt som skjer i dommerverdenen, inkludert nyttig informasjon for breddedommere. Samarbeid med Kampdommer.no gir verkt\u00f8y for \u00e5 organisere klubbdommeren, med automatisk import av kamper, mobilapplikasjoner for dommere og ledere, og varslinger om kampoppdrag, &#8230; <a title=\"Din kilde til dommernyheter og -verkt\u00f8y\" class=\"read-more\" href=\"https:\/\/blog.kampdommer.no\/\" aria-label=\"Read more about Din kilde til dommernyheter og -verkt\u00f8y\">Les mer<\/a><\/p>\n","protected":false},"author":1,"featured_media":0,"parent":0,"menu_order":0,"comment_status":"closed","ping_status":"closed","template":"","meta":{"footnotes":""},"class_list":["post-109","page","type-page","status-publish"],"_links":{"self":[{"href":"https:\/\/blog.kampdommer.no\/index.php?rest_route=\/wp\/v2\/pages\/109","targetHints":{"allow":["GET"]}}],"collection":[{"href":"https:\/\/blog.kampdommer.no\/index.php?rest_route=\/wp\/v2\/pages"}],"about":[{"href":"https:\/\/blog.kampdommer.no\/index.php?rest_route=\/wp\/v2\/types\/page"}],"author":[{"embeddable":true,"href":"https:\/\/blog.kampdommer.no\/index.php?rest_route=\/wp\/v2\/users\/1"}],"replies":[{"embeddable":true,"href":"https:\/\/blog.kampdommer.no\/index.php?rest_route=%2Fwp%2Fv2%2Fcomments&post=109"}],"version-history":[{"count":5,"href":"https:\/\/blog.kampdommer.no\/index.php?rest_route=\/wp\/v2\/pages\/109\/revisions"}],"predecessor-version":[{"id":123,"href":"https:\/\/blog.kampdommer.no\/index.php?rest_route=\/wp\/v2\/pages\/109\/revisions\/123"}],"wp:attachment":[{"href":"https:\/\/blog.kampdommer.no\/index.php?rest_route=%2Fwp%2Fv2%2Fmedia&parent=109"}],"curies":[{"name":"wp","href":"https:\/\/api.w.org\/{rel}","templated":true}]}}